 factor of 3779583 and 1866.
933
Calculate the highest common factor of 17346 and 12803.
413
What is the highest common divisor of 14094 and 118494?
522
Calculate the highest common divisor of 57 and 1584277.
19
What is the highest common divisor of 1728240 and 1200?
240
Calculate the greatest common divisor of 11156836 and 211.
211
What is the greatest common factor of 361144 and 56?
56
Calculate the greatest common divisor of 1332 and 15392.
148
Calculate the highest common factor of 630998 and 74.
74
What is the highest common factor of 10894 and 520?
26
What is the highest common factor of 341630 and 762?
254
Calculate the highest common divisor of 47571 and 1212.
303
What is the greatest common divisor of 42830 and 110?
10
What is the highest common factor of 366 and 549?
183
Calculate the highest common divisor of 92 and 142094.
46
What is the greatest common factor of 186 and 1638?
6
Calculate the greatest common factor of 177 and 255765.
177
Calculate the highest common divisor of 338 and 411762.
26
What is the highest common divisor of 2707138 and 14?
14
What is the highest common factor of 6895 and 3990?
35
Calculate the greatest common divisor of 144 and 1808.
16
Calculate the highest common factor of 9296 and 112.
112
Calculate the greatest common divisor of 12 and 138.
6
Calculate the greatest common divisor of 40 and 32150.
10
What is the highest common factor of 17689 and 1078?
49
What is the highest common factor of 8312 and 20?
4
What is the highest common divisor of 266747 and 663?
221
What is the highest common factor of 827505 and 185?
185
What is the greatest common factor of 3429 and 61128?
27
Calculate the highest common divisor of 3115 and 1715.
35
Calculate the highest common factor of 637 and 45409.
91
Calculate the highest common divisor of 253 and 8160515.
253
Calculate the greatest common factor of 5267 and 23.
23
Calculate the greatest common divisor of 21029 and 119.
17
Calculate the highest common divisor of 2563 and 4.
1
Calculate the greatest common divisor of 441 and 367.
1
What is the greatest common factor of 216882 and 18?
18
What is the highest common divisor of 2140 and 32?
4
Calculate the highest common factor of 70 and 18153730.
70
Calculate the highest common factor of 4445478 and 18.
18
What is the highest common divisor of 216 and 2022?
6
What is the greatest common divisor of 21337 and 228?
19
What is the greatest common divisor of 13713 and 455?
7
What is the highest common divisor of 216747 and 9?
9
Calculate the highest common factor of 3807 and 98136.
423
What is the highest common factor of 377730 and 20?
10
Calculate the greatest common factor of 39160 and 2860.
220
Calculate the highest common divisor of 936 and 738.
18
What is the highest common factor of 16641 and 2979?
9
Calculate the highest common factor of 114 and 552938.
38
What is the greatest common factor of 35 and 86394?
7
Calculate the greatest common factor of 44386 and 14.
2
What is the highest common factor of 90 and 95675?
5
Calculate the greatest common factor of 36 and 566724.
12
Calculate the highest common divisor of 8925 and 1407.
21
Calculate the highest common factor of 692232 and 24.
24
Calculate the highest common factor of 2824 and 6001.
353
What is the highest common divisor of 152 and 11153?
19
Calculate the greatest common factor of 897510 and 195.
15
What is the highest common divisor of 117 and 1540071?
117
Calculate the highest common divisor of 315 and 2007.
9
What is the highest common factor of 160047 and 36?
9
What is the greatest common divisor of 133686 and 672?
42
What is the highest common divisor of 707971 and 121?
121
Calculate the greatest common factor of 11628 and 64464.
204
What is the highest common factor of 420 and 4169340?
420
What is the greatest common factor of 6077 and 6018?
59
Calculate the greatest common divisor of 422289 and 63.
63
Calculate the highest common factor of 82240 and 256.
64
What is the greatest common factor of 532 and 2489?
19
What is the highest common factor of 2925 and 5175?
225
Calculate the greatest common factor of 2804610 and 30.
30
Calculate the greatest common factor of 4592 and 39984.
112
What is the greatest common factor of 1384 and 3688?
8
What is the greatest common divisor of 127 and 1744853?
127
What is the greatest common factor of 444 and 1406?
74
Calculate the highest common factor of 2714 and 33902.
46
Calculate the greatest common factor of 127578 and 1056.
66
Calculate the greatest common divisor of 313126 and 172.
86
Calculate the greatest common factor of 26989 and 985.
197
Calculate the greatest common divisor of 41 and 170273.
41
Calculate the greatest common divisor of 24 and 69492.
12
Calculate the greatest common factor of 137257 and 29.
29
What is the greatest common divisor of 331628 and 88?
44
Calculate the greatest common factor of 5900 and 3953.
59
What is the greatest common factor of 147 and 54831?
147
Calculate the greatest common divisor of 860 and 12728.
172
What is the greatest common divisor of 32454 and 4?
2
What is the highest common factor of 299337 and 339?
339
What is the greatest common factor of 2331 and 242757?
333
What is the greatest common factor of 153 and 1866549?
51
What is the greatest common divisor of 449295 and 880?
55
Calculate the highest common factor of 59319 and 69147.
351
Calculate the highest common divisor of 159876 and 36.
36
What is the greatest common divisor of 1376 and 152?
8
What is the highest common divisor of 22677432 and 24?
24
Calculate the greatest common factor of 63513 and 27.
9
What is the highest common factor of 654 and 510?
6
What is the greatest common divisor of 2779 and 385?
7
What is the greatest common factor of 658 and 4136?
94
What is the highest common divisor of 516 and 14520?
12
Calculate the highest common factor of 651480 and 5.
5
What is the greatest common factor of 616 and 9912?
56
What is the greatest common factor of 2938 and 16822?
26
What is the greatest common factor of 11819 and 446?
223
Calculate the highest common divisor of 86670 and 21870.
810
Calculate the greatest common divisor of 6155209 and 37.
37
What is the highest common divisor of 30 and 2862?
6
What is the greatest common divisor of 251232 and 96?
96
What is the highest common divisor of 223432 and 220?
44
What is the greatest common factor of 330 and 10860?
30
What is the greatest common factor of 178565 and 4970?
355
Calculate the greatest common divisor of 184590 and 2730.
210
What is the highest common divisor of 270 and 12015?
135
What is the highest common divisor of 78851 and 377?
29
Calculate the greatest common divisor of 327074 and 704.
22
What is the greatest common factor of 61875 and 36000?
1125
Calculate the highest common divisor of 631 and 1431739.
631
What is the greatest common divisor of 715 and 6409?
13
Calculate the highest common factor of 1218 and 2146.
58
What is the greatest common divisor of 8925 and 40800?
1275
What is the greatest common factor of 4692 and 19788?
204
Calculate the highest common divisor of 669 and 3105721.
223
Calculate the highest common factor of 77210 and 1120.
70
Calculate the highest common divisor of 22025 and 4000.
25
What is the highest common divisor of 754 and 102414?
26
What is the greatest common factor of 6 and 344922?
6
Calculate the highest common divisor of 910 and 3302.
26
What is the highest common factor of 224913 and 1659?
237
What is the greatest common divisor of 55105 and 5885?
535
What is the greatest common factor of 119 and 32963?
119
What is the greatest common factor of 268719 and 935?
187
What is the highest common divisor of 144 and 171576?
72
What is the highest common divisor of 369 and 868011?
123
What is the highest common factor of 202 and 1033533?
101
Calculate the greatest common factor of 1184 and 64750.
74
What is the highest common factor of 360 and 712170?
90
Calculate the highest common divisor of 2946525 and 30.
15
What is the highest common factor of 403862 and 226?
226
Calculate the greatest common factor of 78843 and 1722.
123
What is the highest common factor of 25 and 5223?
1
What is the highest common factor of 25 and 5905?
5
Calculate the greatest common divisor of 2170 and 9610.
310
What is the greatest